{"id":3025,"date":"2017-06-05T12:36:49","date_gmt":"2017-06-05T10:36:49","guid":{"rendered":"http:\/\/015.antiform.eu\/?page_id=3025"},"modified":"2018-01-05T11:13:57","modified_gmt":"2018-01-05T10:13:57","slug":"ladenzeile","status":"publish","type":"page","link":"https:\/\/015.antiform.eu\/index.php\/projekte\/ladenzeile\/","title":{"rendered":"LADENZEILE"},"content":{"rendered":"<p>[et_pb_section bb_built=&#8221;1&#8243; admin_label=&#8221;section&#8221; fullwidth=&#8221;on&#8221; specialty=&#8221;off&#8221; _builder_version=&#8221;3.0.76&#8243;][et_pb_fullwidth_slider admin_label=&#8221;veranstaltungsbild&#8221; show_arrows=&#8221;on&#8221; show_pagination=&#8221;on&#8221; remove_inner_shadow=&#8221;off&#8221; background_position=&#8221;top_left&#8221; hide_content_on_mobile=&#8221;off&#8221; hide_cta_on_mobile=&#8221;off&#8221; show_image_video_mobile=&#8221;off&#8221; custom_button=&#8221;off&#8221; button_letter_spacing=&#8221;0&#8243; button_icon_placement=&#8221;right&#8221; button_letter_spacing_hover=&#8221;0&#8243; show_inner_shadow=&#8221;off&#8221; show_content_on_mobile=&#8221;off&#8221; show_cta_on_mobile=&#8221;off&#8221; custom_padding=&#8221;|||&#8221; _builder_version=&#8221;3.0.87&#8243;] [et_pb_slide background_image=&#8221;http:\/\/015.antiform.eu\/wp-content\/uploads\/2017\/06\/lz-web-slider-bg02_1.jpg&#8221; background_color=&#8221;#ffffff&#8221; alignment=&#8221;center&#8221; background_layout=&#8221;dark&#8221; allow_player_pause=&#8221;off&#8221; background_position=&#8221;center&#8221; background_size=&#8221;cover&#8221; header_font_select=&#8221;Francois One&#8221; body_font_select=&#8221;default&#8221; custom_button=&#8221;off&#8221; button_font_select=&#8221;default&#8221; button_use_icon=&#8221;on&#8221; button_icon_placement=&#8221;right&#8221; button_on_hover=&#8221;on&#8221; use_bg_overlay=&#8221;off&#8221; use_text_overlay=&#8221;off&#8221; text_border_radius=&#8221;3&#8243; header_font=&#8221;Francois One|on|||&#8221; body_font=&#8221;||||&#8221; button_font=&#8221;||||&#8221; header_text_color=&#8221;#ffffff&#8221; _builder_version=&#8221;3.0.76&#8243; use_background_color_gradient=&#8221;off&#8221; background_color_gradient_start=&#8221;#2b87da&#8221; background_color_gradient_end=&#8221;#29c4a9&#8243; background_color_gradient_type=&#8221;linear&#8221; background_color_gradient_direction=&#8221;180deg&#8221; background_color_gradient_direction_radial=&#8221;center&#8221; background_color_gradient_start_position=&#8221;0%&#8221; background_color_gradient_end_position=&#8221;100%&#8221; parallax=&#8221;off&#8221; parallax_method=&#8221;on&#8221; background_repeat=&#8221;no-repeat&#8221; background_blend=&#8221;normal&#8221; button_bg_use_color_gradient=&#8221;off&#8221; button_bg_color_gradient_start=&#8221;#2b87da&#8221; button_bg_color_gradient_end=&#8221;#29c4a9&#8243; button_bg_color_gradient_type=&#8221;linear&#8221; button_bg_color_gradient_direction_radial=&#8221;center&#8221; button_bg_size=&#8221;cover&#8221; button_bg_position=&#8221;center&#8221; button_bg_repeat=&#8221;no-repeat&#8221; button_bg_blend=&#8221;normal&#8221;]<\/p>\n<p>&nbsp;<\/p>\n<p>&nbsp;<\/p>\n<p>&nbsp;<\/p>\n<p>&nbsp;<\/p>\n<p>&nbsp;<\/p>\n<p>&nbsp;<\/p>\n<p>[\/et_pb_slide] [\/et_pb_fullwidth_slider][\/et_pb_section][et_pb_section bb_built=&#8221;1&#8243; admin_label=&#8221;section&#8221; fullwidth=&#8221;off&#8221; specialty=&#8221;off&#8221; transparent_background=&#8221;off&#8221; background_color=&#8221;#000000&#8243; parallax=&#8221;on&#8221; parallax_method=&#8221;off&#8221; _builder_version=&#8221;3.0.76&#8243; background_image=&#8221;http:\/\/015.antiform.eu\/wp-content\/uploads\/2017\/06\/lz_bg02.png&#8221;][et_pb_row _builder_version=&#8221;3.0.87&#8243; background_color=&#8221;rgba(85,142,203,0.16)&#8221;][et_pb_column type=&#8221;4_4&#8243;][et_pb_text admin_label=&#8221;infotext&#8221; background_layout=&#8221;dark&#8221; border_style=&#8221;solid&#8221; module_alignment=&#8221;left&#8221; background_position=&#8221;top_left&#8221; background_repeat=&#8221;repeat&#8221; background_size=&#8221;initial&#8221; _builder_version=&#8221;3.0.87&#8243; custom_padding=&#8221;20px|20px|20px|20px&#8221; border_style_all=&#8221;solid&#8221;]<\/p>\n<h3><strong>Mitten in Bad Honnef:<\/strong> Kunstprojekt im Leerstand!<\/h3>\n<p style=\"text-align: justify;\">Wegen des geplanten Abrisses der Post stehen seit einigen Monaten drei Gesch\u00e4fte im Anbau an der Bahnhofstra\u00dfe leer. Guthy&#8217;s Zeitschriften, Mode-Stube Helga Riewe und der kleine Buchladen bildeten eine eigenst\u00e4ndige Ladenzeile in einem zusammenh\u00e4ngenden Bauk\u00f6rper. Zwei davon, Guthy und der Buchladen, sind mittlerweile in die Passage gegen\u00fcber gezogen und werden dort weitergef\u00fchrt, das Modegesch\u00e4ft ist seit l\u00e4ngerer Zeit geschlossen, da die Inhaberin verstorben ist.\u00a0 Da derzeit noch nicht abzusehen ist, wann das Geb\u00e4ude abgerissen und mit dem Neubau begonnen werden kann, haben die Eigent\u00fcmer uns die drei L\u00e4den freundlicherweise bis auf Weiteres \u00fcberlassen, um dort Kulturprojekte durchzuf\u00fchren.<\/p>\n<p class=\"entry-content\"><strong><span style=\"color: #568fcb;\">Er\u00f6ffnung:<\/span><br \/>\n<\/strong>23. September 2017 um 19.00 Uhr<strong><br \/>\n<\/strong><\/p>\n<p><strong><span style=\"color: #568fcb;\">\u00d6ffnungszeiten:<\/span><br \/>\n<\/strong>Bis auf Weiteres Sonntag von 14.00 bis 18.00 Uhr und nach Vereinbarung (Tel. 0172-6000485)<\/p>\n<p>[\/et_pb_text][et_pb_video _builder_version=&#8221;3.0.87&#8243; src=&#8221;http:\/\/015.antiform.eu\/wp-content\/uploads\/2017\/06\/Ladenzeile1217-02a-1.mp4&#8243; \/][et_pb_text _builder_version=&#8221;3.0.87&#8243; background_layout=&#8221;dark&#8221; custom_padding=&#8221;|20px||20px&#8221; text_text_color=&#8221;rgba(255,255,255,0.34)&#8221;]<\/p>\n<p>Video: \u00a9 Helmut Reinelt\/antiform e.V. Musik: The City Awakes by stefsax \u00a9 copyright 2007 Licensed under a Creative Commons Attribution Noncommercial (3.0) license. http:\/\/dig.ccmixter.org\/files\/stefsax\/11653<\/p>\n<p>[\/et_pb_text][\/et_pb_column][\/et_pb_row][et_pb_row _builder_version=&#8221;3.0.87&#8243; background_color=&#8221;rgba(85,142,203,0.16)&#8221;][et_pb_column type=&#8221;4_4&#8243;][et_pb_text _builder_version=&#8221;3.0.87&#8243; background_layout=&#8221;dark&#8221; border_style=&#8221;solid&#8221; custom_padding=&#8221;20px|20px|20px|20px&#8221; border_style_all=&#8221;solid&#8221;]<\/p>\n<h3>In der <strong>LADENZEILE<\/strong> werden mehrere eigenst\u00e4ndige Projekteinheiten gestartet:<\/h3>\n<p>[\/et_pb_text][\/et_pb_column][\/et_pb_row][et_pb_row _builder_version=&#8221;3.0.87&#8243; background_color=&#8221;rgba(85,142,203,0.16)&#8221; padding_left_1=&#8221;20px&#8221; padding_right_4=&#8221;20px&#8221;][et_pb_column type=&#8221;1_4&#8243;][et_pb_image admin_label=&#8221;logo air&#8221; src=&#8221;http:\/\/015.antiform.eu\/wp-content\/uploads\/2017\/06\/air2-60x20_1.jpg&#8221; show_in_lightbox=&#8221;off&#8221; url_new_window=&#8221;off&#8221; animation=&#8221;left&#8221; sticky=&#8221;off&#8221; align=&#8221;left&#8221; force_fullwidth=&#8221;off&#8221; always_center_on_mobile=&#8221;on&#8221; border_style=&#8221;solid&#8221; use_overlay=&#8221;off&#8221; animation_direction=&#8221;left&#8221; animation_style=&#8221;slide&#8221; animation_duration=&#8221;500ms&#8221; animation_intensity_slide=&#8221;10%&#8221; _builder_version=&#8221;3.0.87&#8243; show_bottom_space=&#8221;on&#8221; url=&#8221;http:\/\/015.antiform.eu\/index.php\/projekte\/air2\/&#8221; border_style_all=&#8221;solid&#8221;]<\/p>\n<p>&nbsp;<\/p>\n<p>[\/et_pb_image][\/et_pb_column][et_pb_column type=&#8221;1_4&#8243;][et_pb_image admin_label=&#8221;logo galerie2&#8243; src=&#8221;http:\/\/015.antiform.eu\/wp-content\/uploads\/2017\/06\/g2-60x20_1.jpg&#8221; show_in_lightbox=&#8221;off&#8221; url_new_window=&#8221;off&#8221; animation=&#8221;left&#8221; sticky=&#8221;off&#8221; align=&#8221;left&#8221; force_fullwidth=&#8221;off&#8221; always_center_on_mobile=&#8221;on&#8221; border_style=&#8221;solid&#8221; use_overlay=&#8221;off&#8221; animation_direction=&#8221;left&#8221; animation_style=&#8221;slide&#8221; animation_duration=&#8221;500ms&#8221; animation_intensity_slide=&#8221;10%&#8221; _builder_version=&#8221;3.0.87&#8243; show_bottom_space=&#8221;on&#8221; url=&#8221;http:\/\/015.antiform.eu\/index.php\/projekte\/galerie2\/&#8221; border_style_all=&#8221;solid&#8221;]<\/p>\n<p>&nbsp;<\/p>\n<p>[\/et_pb_image][\/et_pb_column][et_pb_column type=&#8221;1_4&#8243;][et_pb_image admin_label=&#8221;logo raumzeichnung&#8221; src=&#8221;http:\/\/015.antiform.eu\/wp-content\/uploads\/2017\/06\/rZ_2_1.jpg&#8221; show_in_lightbox=&#8221;off&#8221; url_new_window=&#8221;off&#8221; animation=&#8221;left&#8221; sticky=&#8221;off&#8221; align=&#8221;left&#8221; force_fullwidth=&#8221;off&#8221; always_center_on_mobile=&#8221;on&#8221; border_style=&#8221;solid&#8221; use_overlay=&#8221;off&#8221; animation_direction=&#8221;left&#8221; animation_style=&#8221;slide&#8221; animation_duration=&#8221;500ms&#8221; animation_intensity_slide=&#8221;10%&#8221; _builder_version=&#8221;3.0.87&#8243; show_bottom_space=&#8221;on&#8221; url=&#8221;http:\/\/015.antiform.eu\/index.php\/projekte\/raumzeichnung\/&#8221; border_style_all=&#8221;solid&#8221;]<\/p>\n<p>&nbsp;<\/p>\n<p>[\/et_pb_image][\/et_pb_column][et_pb_column type=&#8221;1_4&#8243;][et_pb_image admin_label=&#8221;logo schutzraum&#8221; _builder_version=&#8221;3.0.87&#8243; src=&#8221;http:\/\/015.antiform.eu\/wp-content\/uploads\/2017\/06\/sr_1_1.jpg&#8221; show_in_lightbox=&#8221;off&#8221; url_new_window=&#8221;off&#8221; use_overlay=&#8221;off&#8221; always_center_on_mobile=&#8221;on&#8221; force_fullwidth=&#8221;off&#8221; show_bottom_space=&#8221;on&#8221; url=&#8221;http:\/\/015.antiform.eu\/index.php\/projekte\/schutzraum\/&#8221; \/][\/et_pb_column][\/et_pb_row][et_pb_row][et_pb_column type=&#8221;4_4&#8243;][et_pb_text admin_label=&#8221;neues leben&#8221; _builder_version=&#8221;3.0.87&#8243; background_layout=&#8221;dark&#8221; border_style=&#8221;solid&#8221; border_style_all=&#8221;solid&#8221;]<\/p>\n<h3><span style=\"color: #568fcb;\"><strong>Neues Leben in der Ladenzeile:<\/strong><\/span><\/h3>\n<p>[\/et_pb_text][et_pb_gallery gallery_ids=&#8221;3859,3858,3876,3873,3871,3874,3875,3860,3862,3861,3867,3865&#8243; fullwidth=&#8221;off&#8221; show_title_and_caption=&#8221;off&#8221; show_pagination=&#8221;off&#8221; background_layout=&#8221;light&#8221; hover_overlay_color=&#8221;rgba(255,255,255,0.9)&#8221; border_style=&#8221;solid&#8221; posts_number=&#8221;20&#8243; _builder_version=&#8221;3.0.87&#8243; orientation=&#8221;landscape&#8221; zoom_icon_color=&#8221;#dd3333&#8243; pagination_font_size_tablet=&#8221;51&#8243; pagination_line_height_tablet=&#8221;2&#8243; border_style_top_image=&#8221;solid&#8221; border_style_right_image=&#8221;solid&#8221; border_style_bottom_image=&#8221;solid&#8221; border_style_left_image=&#8221;solid&#8221; border_style_all=&#8221;solid&#8221;]<\/p>\n<p>&nbsp;<\/p>\n<p>[\/et_pb_gallery][\/et_pb_column][\/et_pb_row][et_pb_row background_position=&#8221;top_left&#8221; background_repeat=&#8221;repeat&#8221; background_size=&#8221;initial&#8221;][et_pb_column type=&#8221;4_4&#8243;][et_pb_text admin_label=&#8221;vorher&#8221; _builder_version=&#8221;3.0.87&#8243; background_layout=&#8221;dark&#8221; border_style=&#8221;solid&#8221; border_style_all=&#8221;solid&#8221;]<\/p>\n<h3><span style=\"color: #568fcb;\"><strong>Vorher:<\/strong><\/span><\/h3>\n<p>[\/et_pb_text][et_pb_gallery gallery_ids=&#8221;3026,3029,3028,3027&#8243; fullwidth=&#8221;off&#8221; show_title_and_caption=&#8221;off&#8221; show_pagination=&#8221;off&#8221; background_layout=&#8221;light&#8221; hover_overlay_color=&#8221;rgba(255,255,255,0.9)&#8221; border_style=&#8221;solid&#8221; posts_number=&#8221;20&#8243; _builder_version=&#8221;3.0.76&#8243; orientation=&#8221;landscape&#8221; zoom_icon_color=&#8221;#dd3333&#8243; pagination_font_size_tablet=&#8221;51&#8243; pagination_line_height_tablet=&#8221;2&#8243; border_style_all=&#8221;solid&#8221;]<\/p>\n<p>&nbsp;<\/p>\n<p>[\/et_pb_gallery][\/et_pb_column][\/et_pb_row][et_pb_row][et_pb_column type=&#8221;4_4&#8243;][et_pb_divider _builder_version=&#8221;3.0.87&#8243; divider_style=&#8221;solid&#8221; divider_position=&#8221;top&#8221; show_divider=&#8221;on&#8221; color=&#8221;#558ecb&#8221; \/][\/et_pb_column][\/et_pb_row][et_pb_row][et_pb_column type=&#8221;4_4&#8243;][et_pb_text admin_label=&#8221;so finden sie uns&#8221; _builder_version=&#8221;3.0.87&#8243; background_layout=&#8221;dark&#8221; border_style=&#8221;solid&#8221; border_style_all=&#8221;solid&#8221;]<\/p>\n<h3><span style=\"color: #568fcb;\"><strong>So finden Sie uns:<\/strong><\/span><\/h3>\n<p>[\/et_pb_text][et_pb_map address=&#8221;Drachenfelsstra\u00dfe, 53639 K\u00f6nigswinter, Deutschland&#8221; zoom_level=&#8221;14&#8243; address_lat=&#8221;50.64496339316476&#8243; address_lng=&#8221;7.226950902963267&#8243; mouse_wheel=&#8221;on&#8221; mobile_dragging=&#8221;on&#8221; use_grayscale_filter=&#8221;off&#8221; _builder_version=&#8221;3.0.76&#8243; grayscale_filter_amount=&#8221;0&#8243;] [et_pb_map_pin title=&#8221;LADENZEILE&#8221; pin_address=&#8221;Bahnhofstra\u00dfe 1, 53604 Bad Honnef, Deutschland&#8221; pin_address_lat=&#8221;50.64448662438752&#8243; pin_address_lng=&#8221;7.225075250262421&#8243; _builder_version=&#8221;3.0.76&#8243;]<\/p>\n<p>antiform<\/p>\n<p>&nbsp;<\/p>\n<p>[\/et_pb_map_pin] [\/et_pb_map][\/et_pb_column][\/et_pb_row][\/et_pb_section]<\/p>\n","protected":false},"excerpt":{"rendered":"<p>[et_pb_section bb_built=&#8221;1&#8243; admin_label=&#8221;section&#8221; fullwidth=&#8221;on&#8221; specialty=&#8221;off&#8221; _builder_version=&#8221;3.0.76&#8243;][et_pb_fullwidth_slider admin_label=&#8221;veranstaltungsbild&#8221; show_arrows=&#8221;on&#8221; show_pagination=&#8221;on&#8221; remove_inner_shadow=&#8221;off&#8221; background_position=&#8221;top_left&#8221; hide_content_on_mobile=&#8221;off&#8221; hide_cta_on_mobile=&#8221;off&#8221; show_image_video_mobile=&#8221;off&#8221; custom_button=&#8221;off&#8221; button_letter_spacing=&#8221;0&#8243; button_icon_placement=&#8221;right&#8221; button_letter_spacing_hover=&#8221;0&#8243; show_inner_shadow=&#8221;off&#8221; show_content_on_mobile=&#8221;off&#8221; show_cta_on_mobile=&#8221;off&#8221; custom_padding=&#8221;|||&#8221; _builder_version=&#8221;3.0.87&#8243;] [et_pb_slide background_image=&#8221;http:\/\/015.antiform.eu\/wp-content\/uploads\/2017\/06\/lz-web-slider-bg02_1.jpg&#8221; background_color=&#8221;#ffffff&#8221; alignment=&#8221;center&#8221; background_layout=&#8221;dark&#8221; allow_player_pause=&#8221;off&#8221; background_position=&#8221;center&#8221; background_size=&#8221;cover&#8221; header_font_select=&#8221;Francois One&#8221; body_font_select=&#8221;default&#8221; custom_button=&#8221;off&#8221; button_font_select=&#8221;default&#8221; button_use_icon=&#8221;on&#8221; button_icon_placement=&#8221;right&#8221; button_on_hover=&#8221;on&#8221; use_bg_overlay=&#8221;off&#8221; use_text_overlay=&#8221;off&#8221; text_border_radius=&#8221;3&#8243; header_font=&#8221;Francois One|on|||&#8221; body_font=&#8221;||||&#8221; button_font=&#8221;||||&#8221; header_text_color=&#8221;#ffffff&#8221; _builder_version=&#8221;3.0.76&#8243; use_background_color_gradient=&#8221;off&#8221; background_color_gradient_start=&#8221;#2b87da&#8221; background_color_gradient_end=&#8221;#29c4a9&#8243; background_color_gradient_type=&#8221;linear&#8221; background_color_gradient_direction=&#8221;180deg&#8221; background_color_gradient_direction_radial=&#8221;center&#8221; background_color_gradient_start_position=&#8221;0%&#8221; [&hellip;]<\/p>\n","protected":false},"author":4,"featured_media":0,"parent":1692,"menu_order":0,"comment_status":"closed","ping_status":"closed","template":"","meta":[],"_links":{"self":[{"href":"https:\/\/015.antiform.eu\/index.php\/wp-json\/wp\/v2\/pages\/3025"}],"collection":[{"href":"https:\/\/015.antiform.eu\/index.php\/wp-json\/wp\/v2\/pages"}],"about":[{"href":"https:\/\/015.antiform.eu\/index.php\/wp-json\/wp\/v2\/types\/page"}],"author":[{"embeddable":true,"href":"https:\/\/015.antiform.eu\/index.php\/wp-json\/wp\/v2\/users\/4"}],"replies":[{"embeddable":true,"href":"https:\/\/015.antiform.eu\/index.php\/wp-json\/wp\/v2\/comments?post=3025"}],"version-history":[{"count":66,"href":"https:\/\/015.antiform.eu\/index.php\/wp-json\/wp\/v2\/pages\/3025\/revisions"}],"predecessor-version":[{"id":3943,"href":"https:\/\/015.antiform.eu\/index.php\/wp-json\/wp\/v2\/pages\/3025\/revisions\/3943"}],"up":[{"embeddable":true,"href":"https:\/\/015.antiform.eu\/index.php\/wp-json\/wp\/v2\/pages\/1692"}],"wp:attachment":[{"href":"https:\/\/015.antiform.eu\/index.php\/wp-json\/wp\/v2\/media?parent=3025"}],"curies":[{"name":"wp","href":"https:\/\/api.w.org\/{rel}","templated":true}]}}